{"id":188,"date":"2017-11-04T23:41:35","date_gmt":"2017-11-04T21:41:35","guid":{"rendered":"http:\/\/www.aaltosensukuseura.fi\/?page_id=188"},"modified":"2026-03-23T20:45:08","modified_gmt":"2026-03-23T18:45:08","slug":"sukututkimus","status":"publish","type":"page","link":"https:\/\/www.aaltosensukuseura.fi\/index.php\/seura\/sukututkimus\/","title":{"rendered":"Sukututkimus"},"content":{"rendered":"<p>T\u00e4h\u00e4n menness\u00e4 seura on kartoittanut Fredrikin ja Idan j\u00e4lkel\u00e4iset t\u00e4h\u00e4n p\u00e4iv\u00e4\u00e4n saakka. Julkaisemme t\u00e4ss\u00e4 ensimm\u00e4iset kaksi sukupolvea. Loput sukupolvet n\u00e4et j\u00e4sensivuilta.<\/p>\n<p>Lis\u00e4ksi Fredrikin patriarkaalinen sukulinja on selvitetty melko pitk\u00e4lle, noin 400 vuoden p\u00e4\u00e4h\u00e4n. Fenanderien sukua, eli Idan sisaruksia, on my\u00f6s selvitelty hieman.<\/p>\n<p><img loading=\"lazy\" decoding=\"async\" class=\"alignnone  wp-image-323\" src=\"http:\/\/www.aaltosensukuseura.fi\/wp-content\/uploads\/2018\/02\/Aaltonen_fredrik_ja_ida.jpg\" alt=\"Fredrik ja Ida Aaltonen\" width=\"761\" height=\"428\" srcset=\"https:\/\/www.aaltosensukuseura.fi\/wp-content\/uploads\/2018\/02\/Aaltonen_fredrik_ja_ida.jpg 1184w, https:\/\/www.aaltosensukuseura.fi\/wp-content\/uploads\/2018\/02\/Aaltonen_fredrik_ja_ida-300x169.jpg 300w, https:\/\/www.aaltosensukuseura.fi\/wp-content\/uploads\/2018\/02\/Aaltonen_fredrik_ja_ida-768x432.jpg 768w, https:\/\/www.aaltosensukuseura.fi\/wp-content\/uploads\/2018\/02\/Aaltonen_fredrik_ja_ida-1024x576.jpg 1024w\" sizes=\"auto, (max-width: 761px) 100vw, 761px\" \/><br \/>\nKuvassa yll\u00e4: Fredrik ja Ida Aaltonen, suvun esivanhemmat.<\/p>\n<p>Kuvassa alla: Sukupuu, jossa n\u00e4kyv\u00e4t sukumme kaksi ensimm\u00e4ist\u00e4 sukupolvea<br \/>\nFredrik ja Ida Aaltonen, ja lapsensa Kaarina, Jukka, Helvi, Timo, Eero, Saara, Anna, Paavo, Olga ja Aleksi<br \/>\nKuva on otettu ensimm\u00e4isest\u00e4 painetusta sukututkimusvihkosesta.<br \/>\n<img loading=\"lazy\" decoding=\"async\" class=\"alignnone size-large wp-image-329\" src=\"http:\/\/www.aaltosensukuseura.fi\/wp-content\/uploads\/2018\/02\/2016_kirja_23_retouched-639x1024.jpg\" alt=\"Sukupuu, jossa kaksi ensimm\u00e4ist\u00e4 sukupolvea\" width=\"639\" height=\"1024\" srcset=\"https:\/\/www.aaltosensukuseura.fi\/wp-content\/uploads\/2018\/02\/2016_kirja_23_retouched-639x1024.jpg 639w, https:\/\/www.aaltosensukuseura.fi\/wp-content\/uploads\/2018\/02\/2016_kirja_23_retouched-187x300.jpg 187w, https:\/\/www.aaltosensukuseura.fi\/wp-content\/uploads\/2018\/02\/2016_kirja_23_retouched-768x1231.jpg 768w, https:\/\/www.aaltosensukuseura.fi\/wp-content\/uploads\/2018\/02\/2016_kirja_23_retouched.jpg 1296w\" sizes=\"auto, (max-width: 639px) 100vw, 639px\" \/><\/p>\n","protected":false},"excerpt":{"rendered":"<p>T\u00e4h\u00e4n menness\u00e4 seura on kartoittanut Fredrikin ja Idan j\u00e4lkel\u00e4iset t\u00e4h\u00e4n p\u00e4iv\u00e4\u00e4n saakka. Julkaisemme t\u00e4ss\u00e4 ensimm\u00e4iset kaksi sukupolvea. Loput sukupolvet n\u00e4et j\u00e4sensivuilta. Lis\u00e4ksi Fredrikin patriarkaalinen sukulinja on selvitetty melko pitk\u00e4lle, noin 400 vuoden p\u00e4\u00e4h\u00e4n. Fenanderien sukua, eli Idan sisaruksia, on my\u00f6s selvitelty hieman. Kuvassa yll\u00e4: Fredrik ja Ida Aaltonen, suvun esivanhemmat. Kuvassa alla: Sukupuu, jossa n\u00e4kyv\u00e4t&hellip; <a href=\"https:\/\/www.aaltosensukuseura.fi\/index.php\/seura\/sukututkimus\/\" class=\"more-link\">Jatka lukemista <span class=\"screen-reader-text\">Sukututkimus<\/span><\/a><\/p>\n","protected":false},"author":1,"featured_media":0,"parent":9,"menu_order":0,"comment_status":"closed","ping_status":"closed","template":"","meta":{"footnotes":""},"class_list":["post-188","page","type-page","status-publish","hentry","without-featured-image"],"_links":{"self":[{"href":"https:\/\/www.aaltosensukuseura.fi\/index.php\/wp-json\/wp\/v2\/pages\/188","targetHints":{"allow":["GET"]}}],"collection":[{"href":"https:\/\/www.aaltosensukuseura.fi\/index.php\/wp-json\/wp\/v2\/pages"}],"about":[{"href":"https:\/\/www.aaltosensukuseura.fi\/index.php\/wp-json\/wp\/v2\/types\/page"}],"author":[{"embeddable":true,"href":"https:\/\/www.aaltosensukuseura.fi\/index.php\/wp-json\/wp\/v2\/users\/1"}],"replies":[{"embeddable":true,"href":"https:\/\/www.aaltosensukuseura.fi\/index.php\/wp-json\/wp\/v2\/comments?post=188"}],"version-history":[{"count":9,"href":"https:\/\/www.aaltosensukuseura.fi\/index.php\/wp-json\/wp\/v2\/pages\/188\/revisions"}],"predecessor-version":[{"id":411,"href":"https:\/\/www.aaltosensukuseura.fi\/index.php\/wp-json\/wp\/v2\/pages\/188\/revisions\/411"}],"up":[{"embeddable":true,"href":"https:\/\/www.aaltosensukuseura.fi\/index.php\/wp-json\/wp\/v2\/pages\/9"}],"wp:attachment":[{"href":"https:\/\/www.aaltosensukuseura.fi\/index.php\/wp-json\/wp\/v2\/media?parent=188"}],"curies":[{"name":"wp","href":"https:\/\/api.w.org\/{rel}","templated":true}]}}